o). Let u be m(-3). Calculate the greatest common factor of 56 and u.
7
Suppose -12 = 3*m - 7*m. Suppose l - m*l = -8. What is the greatest common factor of 44 and l?
4
Let r = 30 + -14. What is the highest common divisor of 128 and r?
16
Let m(v) = -v**3 + 6*v**2 + 1. Let z(h) = h**2 - 4*h - 5. Let d be z(6). Let j be m(d). Let o be (j/1)/(1/(-4)). What is the highest common factor of 24 and o?
24
Let q = -7 - -13. Let r = 134 - 68. What is the greatest common divisor of r and q?
6
Let b(w) = 5*w**2 - 4*w - 1. Let m(i) = 2*i**2 + 3*i + 1. Let g be m(-2). Let a be b(g). Let d = -10 + a. What is the highest common factor of d and 55?
11
Let b(n) = -2*n**3 + n**2 - 1. Let c be b(1). Let j be (-2)/(1/(55/c)). Calculate the highest common divisor of j and 11.
11
Suppose -36 = -6*a + 3*a. Let q = 5 - -25. What is the highest common divisor of q and a?
6
Let z(u) = u**3 - 15*u**2 + 17*u - 6. Let q be z(14). Calculate the greatest common divisor of 9 and q.
9
Let b(c) = 10*c**3 + c**2 - c. Let s be b(1). Suppose -2*a = 2*a. Let i be a + 4 + -1 - -2. Calculate the highest common factor of s and i.
5
Suppose 20 = 3*k + 2*k. Suppose -20 = -k*b + 4*u, 2*b = 2*u + 3*u + 10. Suppose 20 = m + b. What is the highest common factor of 165 and m?
15
Let r(x) = 3*x**2 + 16*x + 2. Let h be r(-6). Calculate the greatest common factor of h and 70.
14
Suppose -14 = n - 49. Suppose -2*s + 10 = -3*h - n, -5*s + 55 = 4*h. Suppose -2*f = -5*f + s. What is the greatest common factor of f and 20?
5
Suppose 2*p = 5*p - 75. Suppose 41*y - 30*y = 1375. Calculate the highest common factor of p and y.
25
Let j be (143/44)/(2/8). Let c = -22 - -35. What is the highest common divisor of c and j?
13
Suppose -5*f + 3*h - 20 = 2*h, 0 = 2*f - 4*h + 26. Let k be f - -1 - (-136 + 2). Calculate the highest common divisor of 12 and k.
12
Let b(o) = -o - 2. Let g be b(-2). Suppose -n + 9 + 1 = g. Calculate the highest common factor of n and 25.
5
Suppose 3*w = -9, 5*k + 0*w + w - 62 = 0. Suppose -2*u = -u - 104. Calculate the greatest common factor of k and u.
13
Suppose 6*r - 24 = 2*r. Let v(i) = 15*i**3 + i**2 + 3*i - 4. Let c be v(1). What is the greatest common factor of c and r?
3
Let m = -78 - -146. Calculate the greatest common divisor of 17 and m.
17
Let h = 27 - 17. Calculate the highest common divisor of h and 70.
10
Let k = 5 - 3. Let u = 2 - k. Let o(r) = -r**2 - r + 6. Let m be o(u). What is the highest common divisor of 12 and m?
6
Let m = 1 + -3. Let w be 13 + (2 - (-2 - m)). Calculate the greatest common divisor of 150 and w.
15
Suppose 2*a - 9 - 8 = -3*v, 0 = -a + 2*v + 12. Let c = -8 + 11. Suppose -p = -c*n - 96, -n - 94 = -p + n. What is the highest common divisor of a and p?
10
Let o = 16 + 114. Suppose 2*p + 2*p = 4*h + 556, 2*h - o = -p. What is the highest common factor of p and 17?
17
Let j(i) = -i + 1. Let t be j(-2). Let n be t/2*(-1 - -7). Let a be (2 + 5 + -6)*(0 - -18). What is the greatest common divisor of n and a?
9
Suppose -31*l + 29*l = -8. Suppose -h - 2*c = 3*c - 35, l*c = -5*h + 217. Let z = -13 - -22. What is the highest common divisor of h and z?
9
Let d = -121 - -148. Let v = 3 - 0. Calculate the highest common factor of d and v.
3
Let w(m) = m**3 - 9*m**2 + m + 17. Let b be w(9). Calculate the highest common divisor of 130 and b.
26
Let f = -164 + 172. Let o = -35 + -16. Let j = 91 + o. Calculate the highest common factor of f and j.
8
Let p be 2 + (1 - (7 - -1)). Let t be ((-4)/(-10))/(p/(-150)). What is the greatest common divisor of t and 4?
4
Let w(x) = x**2 + x - 11. Let z be w(-8). Calculate the greatest common factor of 15 and z.
15
Suppose 2*f - 5*f = -189. What is the greatest common factor of 42 and f?
21
Suppose -5*z = 4*p - 389, -4*z - 6*p + 3*p + 312 = 0. Calculate the highest common factor of z and 54.
27
Suppose 2*x - 2*m - 39 + 3 = 0, 22 = x - 2*m. Let p be 719/(-3) + (-1)/3. Let y = p + 394. Calculate the highest common divisor of y and x.
14
Let j = 2 - -1. Calculate the highest common factor of 3 and j.
3
Let a be (-2)/7 + 1544/14. Let c = 46 - 2. Calculate the highest common divisor of a and c.
22
Let m(x) = -x + 1. Let s be m(-3). Let k(o) = -o**3 + 18*o**2 + o - 10. Let q be k(18). Calculate the highest common factor of q and s.
4
Let s be 2 + (-1 - (1 + -15)). Suppose v + 4*v = 35. Suppose 4*w - 6 + 35 = 3*c, c + 2*w = -v. What is the greatest common divisor of s and c?
3
Let m(f) = -23*f**2 + 2*f + 1. Let g be m(-1). Let z = -16 - g. Calculate the highest common factor of 24 and z.
8
Let w(n) = n**2 - 12*n + 2. Let y be w(12). Let d(c) = c**2 - 2*c + 2. Let q be d(4). What is the highest common divisor of q and y?
2
Let t be (-12)/(-78) + 2208/13. What is the highest common factor of t and 34?
34
Suppose s - 11 = 4*x, 4*x + 15 = 3*s - 2. Let l be (-39)/x*(-10)/(-15). What is the greatest common divisor of l and 39?
13
Let i(j) = 6*j**2 + 5*j - 1. Let n be i(4). Let v = 0 - 3. Let z be (v + 49)/(-1 + 2). Calculate the highest common divisor of n and z.
23
Let g(h) = -8*h - 4. Let l be g(-3). Suppose -4*j = -0*j - l. Suppose -1 - 19 = -j*r. What is the highest common divisor of r and 2?
2
Suppose -3*n + 15 = 0, -v - 4*n = 4*v - 110. Calculate the highest common factor of 144 and v.
18
Suppose 5*o + 3*b + 20 = 266, 2*o + b - 98 = 0. Calculate the highest common factor of 32 and o.
16
Let y be ((-224)/21 + 0)*18/(-4). Calculate the greatest common divisor of 6 and y.
6
Let b = 83 - 18. Let d = b + -29. Suppose 2*s = -4*i + 5*s + 225, -159 = -3*i - s. What is the greatest common divisor of d and i?
18
Let u be 6/21 + (-145)/(-7). Calculate the highest common divisor of u and 105.
21
Let v = 0 - -3. Let u(r) = -r**3 + 5*r**2 - 5*r + 2. Let a be u(v). Calculate the highest common factor of 2 and a.
1
Let c(s) = s**2 + s - 7. Let n be c(3). Suppose -n*l + 265 = 2*i, -3*i - 4*l + 131 = -2*i. Calculate the highest common factor of i and 15.
15
Let g be 3028/14 - (-12)/(-42). What is the highest common divisor of 27 and g?
27
Let a be (-1 - -6)*28/(-10). Let n = a - -27. Suppose -3*t + 4*g = t - 376, 0 = -2*g - 6. What is the highest common factor of t and n?
13
Let p be (10 - 11)*9*-1. What is the highest common factor of p and 3?
3
Suppose 0 = 5*m + 23 - 8. Let n be m/(-9) - 418/(-6). Calculate the highest common factor of n and 28.
14
Let n be (6/8)/((-8)/(-32)). Suppose n*b - 34 = 38. Calculate the greatest common divisor of 120 and b.
24
Let u be -12*(-10 - 1) - -3. Calculate the greatest common factor of 27 and u.
27
Let w be (2/(-4))/(3/(-144)). Let i(g) = -6*g**3 + 0*g**3 - 3*g - 3*g**2 - 1 + 8*g**3 - g**3. Let b be i(4). Calculate the highest common divisor of b and w.
3
Let l = -339 + 515. Let o be 2*-1*8/(-1). Calculate the greatest common factor of o and l.
16
Let g = 18 - 16. Calculate the highest common divisor of 6 and g.
2
Suppose -5*y + 5*d + 120 = 0, -20 = -y - d - 2*d. Let m be 4*1*82/8. Suppose m = x - y. Calculate the highest common divisor of 8 and x.
8
Let r(y) = y**3 + 4*y**2 - 12*y. Let b be r(-5). Calculate the highest common divisor of b and 140.
35
Suppose -5*d = -2*d. Suppose d*s - s + 5 = 0. What is the greatest common divisor of s and 5?
5
Suppose 9*f = 12*f - 102. What is the highest common divisor of 51 and f?
17
Let k be 6/((4/3)/2). Suppose -3*v + 30 = -4*i, -2*v - 2 + 20 = -2*i. Let j be (-36)/21*(v - 27). Calculate the greatest common factor of k and j.
9
Suppose 8*c - 26 = 6*c. Calculate the greatest common divisor of c and 325.
13
Let t(y) = y**2 + 2. Let o be t(2). Let s = -5 + o. What is the highest common divisor of 2 and s?
1
Suppose -2*m = 3*b - 16, m = 2*b - 4*m - 17. What is the greatest common factor of 3 and b?
3
Let y(g) = g + 15. Let i be y(-9). Let l = -5 + 4. Let o = 1 - l. What is the highest common divisor of o and i?
2
Let d be 2/(-2) - 30/(-10). Let k = -4 - -6. Suppose k*m - m - 4 = 0. Calculate the highest common factor of m and d.
2
Let i(t) = 2*t**2 + 2*t + 9. Suppose -3*b = -b - 34. Let h = b - 10. Let z be i(h). Calculate the greatest common factor of 11 and z.
11
Let v(q) = -q - 2. Let o be v(-12). Let j be (16/o)/(8/60). What is the greatest common factor of 24 and j?
12
Let y = -2043 + 259. Let t be (-4)/(-14) - y/28. Calculate the greatest common divisor of 8 and t